the first derivative of s**5/30 + s**4/6 - s**3/6 + 6*s**2 - 1. Let m(g) be the second derivative of q(g). What is m(-4)?
15
Let b(o) = -2 + 4*o - 1 + 4 + 7*o**2 + o**3. Let i(u) = -u**3 + u**2 - 6. Let y be i(0). What is b(y)?
13
Let h(z) be the third derivative of -z**4/24 + 7*z**3/3 + z**2 + 53*z. Give h(11).
3
Let m(q) = q**3 + 5*q**2 - 151*q + 6. Let c be m(10). Let w(f) = 5*f - 3. Determine w(c).
-23
Let i(g) be the third derivative of -5*g**4/12 + 139*g**2 - g. Suppose 0 = -3*h - 3 + 9. Calculate i(h).
-20
Suppose 3 = h, -3*h - 2 = -5*g - 1. Suppose -g*n + 8 = 3*j, 1 = 2*j + n - 4*n. Let y(b) = 8 + 1 - j + 4*b. Give y(-5).
-13
Let w be (-1)/((-6)/38) - (-12)/(-36). Let f(o) = -o**2 + 6*o - 3. Determine f(w).
-3
Let a be ((-22)/5 + 3)/(2/(-10)). Let d(l) = 3*l - 4. What is d(a)?
17
Let o(i) = -70*i + 12. Let u be o(0). Let r(d) = -d - 2. Calculate r(u).
-14
Let f(i) = -i**2 + 9*i - 7. Let u be f(3). Suppose -w = -18 + u. Suppose -3*q = a - 9, 3*a + 5*q - w = 4. Let k(y) = y - 1. What is k(a)?
-4
Let h(t) = -t - 1. Let l(g) = -6*g - 2. Let d(n) = -10*h(n) + l(n). Determine d(-10).
-32
Let g(m) = 7*m**2 - 18*m**2 - 1 + 4*m + 8*m + 10*m**2. What is g(12)?
-1
Let u(z) be the second derivative of 20*z - 3/2*z**2 + 1/3*z**3 - 1/12*z**4 + 0. Calculate u(3).
-6
Let y(u) = u**2 + 8*u + 1. Let h be ((-1)/1)/((-11)/(-33)). Let o be 2 - h*(-4)/(-12). Suppose -o*q + 0*q - 24 = 0. Determine y(q).
1
Let p be (18/30)/((-4)/(-20)). Let q(a) = -a**p + 3 + 3*a + 0*a + 2*a**3 - 5 + 4*a**2. Give q(-3).
-2
Let x(f) be the third derivative of -f**6/120 - 3*f**5/20 + f**3/3 - 2*f**2 + 31. What is x(-9)?
2
Let g be (12/(-2))/((-3)/(-10)). Let j be (-32)/g + 2/5. Let f(h) = h + j*h + h. Give f(-2).
-8
Let i(r) = -71 - 5*r - 79 + 148. Calculate i(7).
-37
Let y(z) = z + 14. Let f be y(-10). Let o(i) be the first derivative of 4*i - 3/2*i**2 + f. Determine o(-3).
13
Let h(p) be the third derivative of p**6/120 - p**5/5 + p**3/3 - 9*p**2 + 6*p. What is h(12)?
2
Let z(x) be the second derivative of 0*x**2 + 4*x + 0 - 1/6*x**3. Let m = 9 - 6. What is z(m)?
-3
Let v(y) = 2 + y**3 - 3 + 3*y + 0 - 7*y**2 - 5*y. Suppose 0 = 6*m + 2*m - 56. Give v(m).
-15
Let f(s) = s**3 + 2*s**2 - 3*s + 3. Let n be f(-3). Suppose -n*h + 2*m + 8 = 27, -3*m - 3 = 0. Let w(z) = -2*z - 10. Determine w(h).
4
Let x(w) = w**2 + 5*w - 14. Let m(l) = l**2 + 6*l - 15. Let p be (-1 - (-2 - -4)) + -3. Let z(r) = p*x(r) + 5*m(r). Calculate z(0).
9
Let m(j) = -j + 5. Suppose -3*w - 41 = -4*i + 2*w, -3*i - w = -7. Give m(i).
1
Let k(r) = 11*r - 10*r + 0 - 2 - 4*r - 3*r. What is k(-1)?
4
Let d(i) = -8*i - 26. Let g be d(-2). Let t(v) = v**3 + 9*v**2 - 10*v + 5. What is t(g)?
5
Suppose 4*b = -5*x + 16 + 14, -5*b = x - 48. Let h = 23 - b. Suppose 5*s = -h + 3. Let p(a) = a**3 + a**2 + 4*a + 3. Calculate p(s).
-9
Let s = -324 - -327. Let f(k) = -3*k + 12. Determine f(s).
3
Suppose -10 = 5*b, -2*j + 3*j - 5*b = 1. Let l(t) = -4*t + 25. Let s(r) = -r + 6. Let q(n) = j*s(n) + 2*l(n). Calculate q(4).
0
Let z(u) = 6*u**2 - 30*u - 2. Let b be z(5). Let v(j) = 2*j**2 + 2*j - 1. Give v(b).
3
Let z(f) = -6*f**2 - f - 11. Let q(y) = 5*y**2 - y + 10. Let c(o) = 5*q(o) + 4*z(o). Calculate c(7).
-8
Suppose -2*q - 36 = -5*q. Let u(c) = -c - 19 + 2*c + 10 + q. Determine u(6).
9
Let c(v) = v - 8. Let s(l) = 2*l + 5. Let w be s(-6). Let y = w - -11. Suppose -2*r + y = -8. Give c(r).
-2
Let j(q) be the second derivative of -q**5/20 - q**4/2 - 3*q**2/2 - 2*q. Let o = 9 - 5. Suppose -5*d + 9 = -4*i - 2*d, -o*d = -5*i - 10. Give j(i).
-3
Let l(j) be the second derivative of 5*j + 1/120*j**6 + 1/2*j**2 + 1/10*j**5 + 1/12*j**4 - j**3 + 0. Let t(z) be the first derivative of l(z). Calculate t(-5).
9
Let j(x) be the first derivative of -x**4/4 - 4*x**3/3 + 3*x**2/2 - 4*x - 52. Determine j(-5).
6
Let g = -17 + 26. Let l(u) = -u**2 + 9*u + 6. Give l(g).
6
Let l(d) = -2*d + 5. Let x be l(5). Let t(o) be the second derivative of -o**3/6 - 7*o**2/2 - 2*o - 31. Calculate t(x).
-2
Let d(g) = -g - 7. Suppose -b - 5*f + 2 = 2*b, 0 = -b - f. Let k = 5 - b. Calculate d(k).
-13
Let t(w) = -1 + 68*w - 71*w + 2. Let f be (38/10 + -3)*-5. Let q = f + 7. Give t(q).
-8
Let c(z) = 2*z**2 + 4*z + 3. Let y = -996 - -994. What is c(y)?
3
Let u(k) = -3*k + 2 + 4*k - 5. Suppose -188*h + 765 + 12 = 71*h. What is u(h)?
0
Let v be (-5)/(-4) + 7/(-28). Let a be (0/(-4) + v)*-1. Let w(d) = 6*d**3 - d**2 - d. Give w(a).
-6
Let p(c) = -c**2 - 4*c. Let r be p(-3). Let d(l) = 8 - 2*l - 2 + 10 + r. Let z be d(8). Let k(h) = -4*h - 3. Calculate k(z).
-15
Let o(a) = 6*a**2 + a. Let s = -63 + 42. Let u be -3 - 7/(s/12). Let j be 2/u + -2 - -1. What is o(j)?
7
Let p(x) = 7*x - 3. Let z be p(3). Let d = z + -13. Let r(o) = -19*o + 7. Let f(l) = -12*l + 5. Let u(k) = 8*f(k) - 5*r(k). Determine u(d).
0
Let x(g) be the second derivative of g**3/6 - 2*g**2 + 3*g. Let h(q) = -q + 5. Let p be h(5). Let d = p + 3. Give x(d).
-1
Let y = 42 - 40. Let d(g) = -3*g**3 + 6*g**2 - g - 13. Let p(t) = -t**3 - t**2 - t - 1. Let i(r) = y*p(r) - d(r). Give i(8).
3
Let r(f) = f**3 + 8*f**2 + 8*f - 2. Suppose -3*h - 63 = -d, 5*h = d - 6*d + 395. Let q be ((-12)/(-14))/(2 + d/(-35)). Give r(q).
22
Let w = 8 + -6. Let m(g) = -2*g**2 + 2*g**2 + g**w + 2 - 2*g. Let q(h) = -h**3 - 3*h**2 + 22*h + 26. Let c be q(-6). What is m(c)?
2
Let n be 21/9 - (-8)/12. Let d(x) = 6*x + 3. Let m(v) = -1. Let z(y) = n*m(y) + d(y). Calculate z(1).
6
Let v(o) = 4*o**3 - 4*o**2 + o + 8. Let b(j) = 5*j**3 - 5*j**2 + j + 10. Let x(w) = -5*b(w) + 6*v(w). What is x(3)?
-17
Let v = -537 - -530. Let t(d) be the third derivative of -d**7/5040 - d**6/240 - d**5/60 + d**2. Let y(s) be the third derivative of t(s). Calculate y(v).
4
Suppose 3*o + 4*g + 30 - 4 = 0, o = -3*g - 12. Let b(m) be the second derivative of m**4/12 + 5*m**3/6 + m**2/2 - 8*m. Determine b(o).
7
Let f(u) = -u**3 - 2*u**2. Suppose -4*c = -8*c, 3*m + 4*c = -9. Determine f(m).
9
Let o(s) be the first derivative of 2*s**3/3 + s**2/2 - 13*s - 331. Determine o(-4).
15
Let r(u) = 36 + 37 - 66 - u**2 + 8*u. Calculate r(8).
7
Suppose -n + 7 = -5*p, -3*p = -5*n - 7*p + 35. Let l(b) = -b**3 + 8*b**2 - 5*b + 2. Calculate l(n).
16
Suppose -4*o - 28 = 32. Let v(d) = -8 - 147*d - 149*d - 6 + 295*d. Let w be v(o). Let y(i) = 5*i**2 - 1. What is y(w)?
4
Let a(z) be the third derivative of -z**4/12 + z**3/2 - 107*z**2. Give a(1).
1
Let a(z) be the second derivative of 9*z**5/20 - z**4/6 - z**3/6 - z**2/2 - 4*z. Let b(c) = -c**2. Let j(d) = -a(d) + 3*b(d). What is j(-1)?
8
Let o(k) = -20*k**3. Let n = -266 - -267. Give o(n).
-20
Let m(q) = -2*q**2 - 2*q - 1. Suppose 0 = 3*s + 8*v - 7*v + 1, -s = -4*v + 9. Calculate m(s).
-1
Suppose 6*i = -i + 98. Let c be (-6)/4*(-4 - -2). Suppose 6*d - i = 2*q + 2*d, -c*d = -2*q - 12. Let v(j) = -j + 2. Give v(q).
5
Let k(j) be the first derivative of j**2 + 23*j + 290. What is k(0)?
23
Suppose 0 = -83*y + 81*y. Let n(f) be the third derivative of 0 - 3*f**2 + 0*f**4 + 2/3*f**3 + 0*f + y*f**5 + 1/120*f**6. Determine n(0).
4
Let s(o) = -8*o + 10. Let q = 2525 + -2521. What is s(q)?
-22
Suppose 18*p = 22*p + 24. Let s(j) be the third derivative of j**4/24 + 5*j**3/6 + j**2. What is s(p)?
-1
Let q be 2/9 - (-446)/18. Suppose 0 = -5*a + 2*s + 13, -5*s + s - 2 = -2*a. Suppose -7 = -a*i - q. Let w(z) = z**3 + 5*z**2 - 7*z - 3. Give w(i).
3
Suppose 293*t = 304*t. Let z(d) = -d**3 - d**2 - d + 82. Calculate z(t).
82
Let n(u) be the third derivative of u**4/8 + u**3/3 - 3*u**2 + 13*u. Determine n(-4).
-10
Let v(l) = 2*l - 3. Let j be v(2). Let r be j*(2 + -3 - -2). Let b(y) = y - 3 + 0*y + r + 0*y. What is b(2)?
0
Let i(m) = -4*m - 19. Let k(v) = -5*v - 20. Let y(l) = 3*i(l) - 2*k(l). Give y(-11).
5
Let u(c) = -14520*c**2 + 14520*c**2 + c - c**3 - 15. Determine u(0).
-15
Let d(m) = 6*m + 3 - 8*m + m + 0. Let k(h) = 6. Let y(i) = -1. Let c(g) = k(g) + 5*y(g). Let s(t) = 2*c(t) + d(t). What is s(0)?
5
Suppose -20 - 13 = 3*i + 3*r, -4 = r. Let v(q) = q**3 + 8*q**2 + 3*q + 2. Determine v(i).
30
Let z(r) be the first derivative of -r**3/3 + 4*r**2 - 6*r + 60. What is z(8)?
-6
Let p(s) = s**3 + 6*s**2 - 3*s - 5. Suppose -8 = 3*f + 2*c, 0 = -8*f + 6*f + 3*c - 27. Determine p(f).
13
Let v(i) be the first derivative of -i**6/180 - i**5/40 + i**4/6 